?
9
Let b(g) = 4*g**3 + 2*g**2 - g. Let a be b(1). Suppose -18 = -a*w + 12. What is the units digit of w?
6
Let q = -6 + 6. Suppose q = 5*u + 37 - 107. What is the units digit of u?
4
Let b(y) = -4*y + 5. Let h(d) = -1. Let x(k) = -b(k) + 2*h(k). What is the tens digit of x(5)?
1
Let d(p) = -p**2 - 5*p + 7. What is the units digit of d(-5)?
7
Let y = -2 + -3. Let t(z) = z**2 + z + 1. What is the tens digit of t(y)?
2
Let z(r) be the first derivative of 2*r**3/3 - 9*r**2/2 + 8*r - 5. What is the tens digit of z(6)?
2
What is the tens digit of 45 - ((-4)/2 - -1)?
4
Let s = -9 + 15. Let b be 96/(-30)*-10*s. What is the tens digit of b/15 + 2/10?
1
Suppose 5*r + 107 - 17 = 0. Let b = 29 + r. What is the units digit of 1*3 + b + 1?
5
Let o(j) be the second derivative of j**5/60 - 7*j**4/24 - 13*j**3/6 + j**2 + j. Let l(p) be the first derivative of o(p). What is the units digit of l(9)?
5
Suppose 3*d + 4*a + 13 + 5 = 0, 2*a = 3*d + 36. Suppose 2*g + 26 = g. Let i = d - g. What is the units digit of i?
6
Let l(n) = n**2 + 2*n + 9. What is the tens digit of l(7)?
7
Suppose 3*l + 6 = -3*i, 0 = -2*l + 4*l - 4*i - 8. Let n = 1 + -1. Suppose n = -c - l*c + 20. What is the units digit of c?
0
Let q be (94/(-10))/(5/(-25)). Let s = q + -22. What is the tens digit of s?
2
Let g(z) = 25*z + 14. What is the units digit of g(6)?
4
Suppose 0 = -n - 2*b + 35, 0 = 3*b + 2*b + 5. What is the tens digit of n?
3
Suppose -11 - 1 = -3*a. Let i(c) = -c**3 + 3*c**2 + 4*c + 4. Let d be i(a). Suppose -d*g + 7 = -5. What is the units digit of g?
3
Let u(a) = -a + 10. Let f be u(7). Suppose -5 = -f*b + 4. Suppose b*x + g = 22, -8 = 4*g - 0. What is the units digit of x?
8
Suppose 5*t - 6*t + 39 = 0. What is the units digit of t?
9
Let t = 1 - -1. What is the units digit of t?
2
Let t(c) = 2*c**2 + 1. Let n(z) = z**3 + 8*z**2 - 2*z - 11. Let g be n(-8). Suppose g*p + 0*p - 29 = -4*h, 3*p = -3*h + 18. What is the units digit of t(h)?
3
Let j = 6 + 13. Suppose -22*o + 21*o + 32 = 0. Let y = o - j. What is the tens digit of y?
1
Suppose -3*y + 51 + 12 = 0. Suppose -2*r - 2 = -3*p, -p + y = 3*p + r. Suppose i - p = 4. What is the units digit of i?
8
Let t(d) = -4*d + 63. What is the hundreds digit of t(-23)?
1
Suppose 2*h = c - 89, -426 = -5*c - h - 36. What is the units digit of c?
9
Let c = 7 + -2. Suppose -c = -w - 1. Suppose w = 2*k - 0. What is the units digit of k?
2
Let x = -13 - -18. What is the units digit of x?
5
Let y = 2 + -2. Let x be y + 0 + -2 + 0. Let f(n) = n**2. What is the units digit of f(x)?
4
Suppose 5*u + 3*s = 213 + 57, 4*u - 4*s = 216. What is the tens digit of u?
5
What is the units digit of 8/2 + (-455)/(-13)?
9
Let b = 5 - 7. Let q be 2*(0 + (-1)/b). Let s = q - -10. What is the units digit of s?
1
Suppose h + 41 = 3*p - 0*h, -5 = h. What is the units digit of (-786)/(-21) + p/21?
8
Let k(z) = z**3 + 8*z**2 + 3*z - 5. Let v be k(-5). Suppose 5*x - v = -3*h, 0 = 5*x - 2*h - 119 + 39. What is the units digit of x?
4
Suppose 5*b + 104 + 81 = 0. Let t = -22 - b. What is the units digit of t?
5
Suppose -3*h = 5*v + 199, -2*h + 11 - 137 = 2*v. Let u = h + 82. What is the units digit of u?
4
Suppose -5*h - 2*j = j - 359, h + 4*j - 82 = 0. Suppose -4*r - 22 = -h. What is the tens digit of r?
1
Let d be 5/(-2)*16/(-10). What is the units digit of 4/d*(1 - -2)?
3
Let d = -13 - -25. Suppose 0 = -4*c - 0 + d. Suppose 0 = -c*t, 4*t = m - 2 - 3. What is the units digit of m?
5
Suppose -4*a = 0, -3*g - 2*g + a = 20. Let y be (27/g)/((-3)/(-8)). Let d = 26 + y. What is the units digit of d?
8
Let z be ((-6)/18)/(1/(-12)). Suppose -4*c - z*p + 40 = 0, c + 1 - 11 = -5*p. What is the units digit of c?
0
Let y(r) = r**2 + r - 1. Let a be y(-7). What is the tens digit of a/2 + (-7)/14?
2
Suppose -43 = -3*p - 151. Let z = -26 - p. What is the units digit of z?
0
Let z(s) = 3*s**2 + 2*s + 3. Let i = 5 - 7. What is the tens digit of z(i)?
1
Suppose 6*w - 2*v - 12 = 2*w, -3*v = -12. Let o = -2 + w. What is the units digit of o?
3
Let r = 159 - 108. What is the units digit of r?
1
Suppose -3*f + y = -20 - 36, 4*f + 3*y = 92. What is the tens digit of f?
2
Let l be (9/4)/((-10)/120). Let k = l + 53. What is the units digit of k?
6
Let a(p) = p**3 - 7*p**2 + 4*p - 8. Let q = 3 - -4. What is the units digit of a(q)?
0
Let v(f) = -33*f + 5. What is the tens digit of v(-5)?
7
Suppose r = -2*p - 6, -3*r - p + 26 = -6*p. Suppose -4*n + 16 = 0, r*n = 4*s + 5*n. Let z = s + 8. What is the units digit of z?
5
Let m = 24 - -10. What is the units digit of m?
4
Suppose u + 3*u = -28. Let f = -4 - u. Suppose -3*m + 27 = f*t, -2*t - 3*m + 17 = -0*t. What is the units digit of t?
0
Suppose -4*i + 2*j - 4*j + 2 = 0, -6 = 3*i + 4*j. Suppose t = f + 18, -4*t + 75 = -3*f + i*f. What is the units digit of t?
9
Let d be (20/(-16))/((-1)/8). Suppose 0*y - d = 2*y. What is the units digit of 1 - y/((-10)/(-4))?
3
Let w be (-4)/(-6) - 14/3. Let x = w - -8. What is the units digit of x?
4
Let i = 88 - 26. What is the tens digit of i?
6
Let h = 21 - -92. What is the hundreds digit of h?
1
Suppose -u = -2*u - 5*b + 192, 4*b - 191 = -u. What is the hundreds digit of u?
1
Suppose 3*j + 5*v - 169 = 0, -3*v - 2*v = -2*j + 96. What is the tens digit of j?
5
Suppose -4*w + 784 = 3*y + 171, 0 = 4*w - 4*y - 620. What is the hundreds digit of w?
1
Let n(b) = 4*b**2 - b + 7. Let c(z) = 3*z**2 + 6. Let p(i) = 5*c(i) - 4*n(i). Let m be p(6). Let d = m - -20. What is the tens digit of d?
1
Let d be 3*(-6)/(-3) + 2. Suppose 4*k + 88 = d*k. What is the tens digit of k?
2
Let c = 4 - -1. Suppose c*i - 2*i = -9. What is the units digit of 1 + 3 + i - -7?
8
What is the tens digit of ((5 - 4) + (-10)/4)*-64?
9
Let f(q) = q - 1. Let m be f(1). Suppose m = -0*c + 5*c. Suppose c = -3*w + 3*t + 7 + 20, -3*w + 2*t = -29. What is the units digit of w?
1
Let j(x) = -2*x**3 + 4*x**2 - x + 3. Let h(m) = m**3 - 4*m**2 - 2. Let y(p) = 3*h(p) + 2*j(p). Let f be (-6)/((-6)/(-4) - 0). What is the units digit of y(f)?
8
Let j(q) = 2*q**2 - 6*q + 24. What is the hundreds digit of j(10)?
1
Let n(v) = v + 19. Let f be n(-16). Let r = 20 - f. What is the tens digit of r?
1
What is the units digit of -9 + (-5260)/(-15) - (-2)/(-3)?
1
Suppose 5*y + 13 = 4*j + 49, 2*y = -j - 22. Suppose -a + 6 = 12. Let n = a - j. What is the units digit of n?
8
Suppose 5*s - 11 = c, 4*c + 1 = 5*s - 13. Suppose 3*r = -2*r + 20. Suppose -4 = -s*z + 4*z - r*i, 4*i - 20 = 0. What is the units digit of z?
8
Suppose -5*m + 3*r = 2*r - 72, 51 = 4*m - 3*r. Suppose m = -5*y, -q + 28 = 3*q + 4*y. What is the tens digit of q?
1
Suppose 0*y = 3*y - 54. Let f = 36 - y. What is the units digit of f?
8
Suppose 9*v - 10 = 4*v. Suppose -5*s + 65 - 23 = 3*m, -v = -3*s + 4*m. What is the units digit of s?
6
Let i = -2 - -1. Let p(n) be the third derivative of 3*n**5/20 + n**4/24 + n**3/6 - 20*n**2. What is the units digit of p(i)?
9
Suppose 0 = -2*x - 2*x + 52. Suppose -3*b + x = -2*b. Suppose w = -3, -4*m + 3*w + b = -8. What is the units digit of m?
3
Let i(v) = -19*v**3 + v**2 + v. What is the tens digit of i(-1)?
1
Suppose -2*l = -2*y + 5*y - 154, y = -5*l + 398. What is the tens digit of l?
8
Let b = -3 + -2. Let i = 4 + b. Let a(t) = -4*t + 1. What is the units digit of a(i)?
5
Suppose 0 = -2*x - 3*k + 19, -3 = -3*k - 0. Suppose 4*c = x*c - 20. Suppose 0*v = v - c. What is the units digit of v?
5
Let d = 21 + -19. What is the units digit of d?
2
Suppose 3*g - 4*g = -19. Let z be -1*13*6/(-6). Suppose v = 3*c - g, -c + v = -v - z. What is the units digit of c?
5
Suppose 26 = 2*o + 2*o + 2*x, -o - 1 = -x. Let g be (o/6)/(8/36). Let m = g + -2. What is the units digit of m?
1
Suppose 4*g - g = 2*f + 16, -4*f - 26 = -3*g. Let b = 7 + -5. Suppose -g*t + 12 = b*t. What is the units digit of t?
3
Let k = 11 - 6. What is the units digit of k?
5
Let v(t) = -t + 3. Let k be v(-6). Let z(i) = i**2 - 5*i - 6. Let f be z(6). Suppose 2*c = -s - f*s + k, 3*s = -2*c - 1. What is the units digit of c?
7
Suppose 0 = -7*g + 6*g + 27. What is the tens digit of g?
2
Suppose -5*t - 3*k = 25, 0*k - 21 = -2*t + 5*k. What is the tens digit of (-17)/t*(-2 - -4)?
1
Let l be 18/(-4) + (-4)/(-8). What is the tens digit of (-152)/(-7) - l/14?
2
Let q(i) = 12*i + 27. What is the tens digit of q(9)?